 2. Let u be c(z). Calculate the highest common divisor of 8 and u.
2
Let b = 17 + -31. Let l be -3 - 1/2*b. Let j = -18 + 28. Calculate the highest common factor of j and l.
2
Suppose x - 7 + 1 = 0. Suppose -k + x + 40 = 5*j, -2*j = -4*k - 36. Calculate the greatest common divisor of 5 and j.
5
Suppose -28 = -5*h + 27. What is the highest common divisor of h and 33?
11
Let g = -56 + 21. Let i be (-319)/(-5) - 7/g. Calculate the highest common divisor of i and 8.
8
Suppose 0 = -v + 5*p + 41, 5*p - p + 40 = v. Calculate the greatest common divisor of 18 and v.
18
Let w = 113 - 29. What is the highest common factor of w and 12?
12
Suppose -10*q = -244 - 716. What is the highest common factor of 72 and q?
24
Suppose 7*z = 258 - 62. What is the greatest common factor of 70 and z?
14
Let q be (-36)/(-24) + (-1)/(-2). Suppose -5*l = 3*z - 18, 5*l = -q*z - 4 + 26. What is the highest common divisor of 6 and l?
6
Suppose 3*w + 15 = 117. Suppose 3*l - 22 = 131. Calculate the highest common factor of w and l.
17
Let o(y) = 4*y**2 - 2*y + 11. Let b be o(6). What is the highest common divisor of 13 and b?
13
Suppose 4*a = 5*o - 106, 76 = 4*o + a - 2*a. Let u be (-1 - (2 - 4))*45. Calculate the highest common factor of o and u.
9
Let k(o) = -6*o**3 + o**2 + 2*o + 1. Let g be k(-1). Let m be 2/(g/9 - 0). What is the highest common divisor of 3 and m?
3
Let j(w) = w + 6. Let t be j(-6). Suppose t*l + 10 = 5*l. Calculate the greatest common factor of l and 5.
1
Let m(k) = 9*k + 1. Let z be m(3). Let q(o) = 7*o**3. Suppose 4 = -y, a + 4*y - 3 = -18. Let n be q(a). What is the greatest common divisor of z and n?
7
Let x(u) = -u**2 - 2*u + 8. Suppose -5*i - b - 3 = 0, 3*i + 3*b = -8 - 1. Let r be x(i). Calculate the highest common factor of r and 56.
8
Suppose 6*i = 3*i - 24. Let l = 16 + i. What is the highest common factor of l and 20?
4
Let y be ((-1)/(-4))/((-1)/4). Let s be -1 - -29 - (y + 3). Suppose -5*f + s = -3*f. What is the greatest common divisor of f and 65?
13
Suppose 0 = -4*o - 5*v - 23 + 312, 0 = -4*o + 4*v + 244. Calculate the greatest common divisor of 6 and o.
6
Let l = -449 + 643. Let o = l + -96. What is the highest common divisor of 14 and o?
14
Let v be 0 + 3 - (0 + -3 + 1). What is the highest common factor of 10 and v?
5
Let w be (-2 + 5)*60/9. Calculate the highest common divisor of w and 10.
10
Let y = 18 - 13. Suppose 4*j = -g + 4, -y*j - 11 = -g + 2. Calculate the greatest common factor of g and 40.
8
Suppose -4*a - 88 = -3*p - 0*p, -3*a = 3. Calculate the greatest common factor of 14 and p.
14
Suppose -4*r - 4*k + 3*k = -316, 4*k = -16. Let s be (12/(-10))/((-6)/r). Let z be (-16)/3*((-66)/3 + -2). What is the greatest common divisor of s and z?
16
Let x be (-1)/((-2)/(-4)) + (10 - 0). Calculate the highest common factor of x and 56.
8
Suppose -5*m - 27 = -7. Let h = m - -9. Calculate the highest common factor of 2 and h.
1
Let i be 693/6*(-12)/(-9). What is the greatest common divisor of 14 and i?
14
Let t = -72 + 78. What is the greatest common factor of 10 and t?
2
Let c(x) = -30*x**3 - 3*x**2 - 2*x - 1. Let m be c(-1). What is the highest common divisor of m and 98?
14
Let q(p) = 14*p - 12. Let w be q(3). Calculate the greatest common factor of 6 and w.
6
Suppose 0 = -2*n + 2, 4*u - 2*n = 2*n + 4. Calculate the highest common divisor of 22 and u.
2
Let d(t) = -t**2 - 26*t - 162. Let n be d(-13). Let s = 0 + 1. Calculate the greatest common divisor of s and n.
1
Suppose 5*s - 46 + 5 = -3*t, 0 = 4*s + 3*t - 31. Suppose 0 = -3*h - 4*j + 45, h - 4 - 11 = 2*j. Calculate the greatest common divisor of h and s.
5
Let h be (-18 + 21)/((-2)/(-132)). Calculate the greatest common factor of 22 and h.
22
Let q be 210/(-12)*8/(-14). Let d = 49 + 1. Calculate the highest common divisor of d and q.
10
Let h(i) = 2*i - 10. Let m be h(6). Let w be (m + 56/(-20))*-15. Let s(n) = -n**2 + 5*n + 2. Let c be s(4). Calculate the greatest common divisor of w and c.
6
Let p = -37 + 68. Calculate the greatest common factor of 217 and p.
31
Let v be (-1)/(3/(-9)) - -19. Let m = v - 12. Calculate the greatest common factor of 10 and m.
10
Suppose d - 7*d = -108. Let l = 108 - 0. What is the highest common divisor of l and d?
18
Let x be (-2 - (-174)/15)*5. Suppose -r - 3*f + 49 = 0, -2*r = -0*r - 5*f - 153. Suppose -4*b + r = -2*b. What is the greatest common factor of x and b?
16
Let w = 23 + -12. Calculate the greatest common factor of 99 and w.
11
Let s(m) be the first derivative of -m**3/3 - 4*m**2 - 5*m - 1. Let u be s(-5). Let d = 33 - 28. What is the highest common divisor of u and d?
5
Let l be ((-6)/(-7))/((-1)/(-7)). Let y(a) = -7*a + 1. Let s be y(-1). Suppose -64 = -2*c + s. What is the highest common divisor of c and l?
6
Let p(b) = b**3 + b - 5. Let q be p(6). What is the highest common divisor of q and 7?
7
Let y(o) = 2*o**2 - o + 2. Suppose 0 = -5*z + 26 + 4. Let f be y(z). Suppose -k + f = -4*m, 6*m = k + 3*m - 71. Calculate the highest common factor of k and 32.
16
Suppose -5 = -2*x + 1. Suppose -3*p + x*s - 5 = p, 0 = -2*p - s + 5. Let r be p*-99*-1 + 0. Calculate the highest common divisor of r and 11.
11
Let f(y) = 28*y - 11. Let x be f(8). Suppose 3*a + 4*h = x, -381 = -5*a - h + 3*h. Calculate the greatest common factor of 15 and a.
15
Let o be (2 + -1)*(1 - -7). Suppose x = 5*n + 3, 5*x + 5*n - 13 = 4*x. Calculate the highest common divisor of x and o.
8
Let v be (6/4)/(1/2). Let n = 3 - v. Suppose n = p - 0*p - 2. What is the highest common divisor of 1 and p?
1
Suppose 2*b + 136 = 5*w, -5*w + 0*b = 5*b - 115. Calculate the greatest common factor of 26 and w.
26
Suppose 0 = r - 4*r + 21. Suppose 5*s = -3*m + 32, r = 4*m - 9. Calculate the highest common divisor of s and 4.
4
Let r = 28 + -27. What is the highest common divisor of r and 1?
1
Let o be (208/24)/((-1)/((-33)/2)). Calculate the highest common divisor of 13 and o.
13
Let c = -104 - -247. What is the greatest common factor of 13 and c?
13
Let u be 4/22 + (-207)/(-11). Calculate the greatest common factor of 38 and u.
19
Let z(w) = w**2 + 3*w - 7. Let o be z(-5). Let r be (-29)/(-2)*2 - o. Calculate the highest common divisor of r and 13.
13
Let n(o) = -o**3 + 2*o**2 + 3*o + 3. Let a be n(-3). Suppose 4*p - x + 6*x - a = 0, -2*p - 3*x + 21 = 0. Calculate the greatest common divisor of 2 and p.
2
Let t(a) = a**3 + 6*a**2 - 6*a + 8. Let p(r) = -r**2 + 7*r - 7. Let k be p(7). Let w be t(k). What is the highest common divisor of w and 1?
1
Let c(x) = x**2 - 10*x + 20. Let v be c(11). What is the greatest common divisor of v and 124?
31
Let t = 128 - 94. What is the highest common factor of t and 17?
17
Let s(x) = x**2 - x + 138. Let r be s(0). Suppose 5*p + 33 = r. Calculate the highest common factor of 3 and p.
3
Suppose 0 = -2*s - 2 - 0. Let u be 5 - (4 - (-3)/s). Calculate the highest common factor of u and 2.
2
Let o(w) = 2*w**2 - 2*w + 4. Let p be o(4). What is the greatest common factor of p and 4?
4
Let p(y) = y + 7. Let l be p(11). Let r(q) = -20*q - 2. Let g be r(-10). Calculate the highest common divisor of g and l.
18
Let c be 3/(6/(-4)) + -5. Suppose 3*m = -4 + 79. Let z = m + c. What is the highest common divisor of 12 and z?
6
Let t = 7 + -5. Let g be (-22)/(t*1/(-8)). What is the highest common factor of g and 8?
8
Let v = -4 + 6. Let a be 47 + (2/v)/1. Calculate the highest common factor of a and 8.
8
Let u be (52/(-6))/((-2)/6). Suppose -3*d + 15 = 3. Suppose -d*a + 65 = a. Calculate the greatest common factor of a and u.
13
Suppose 15*q + 29 = 404. What is the highest common divisor of 15 and q?
5
Let u be 4/((-4)/3 - -1). Let c be (-1)/(2 - (-27)/u). Let k = c + -2. What is the highest common factor of 6 and k?
2
Suppose 5*y + 16 + 2 = 3*s, 0 = s - 3*y - 10. Let u = s + 5. Calculate the highest common divisor of 18 and u.
6
Suppose 7 = s - 1. Let a = 0 + 2. Suppose -x + 3*r = -20, x = -0*x - a*r + 20. What is the greatest common divisor of s and x?
4
Let q = 13 - 8. Let z(f) = -f**3 + 5*f**2 + f - 3. Let s be z(q). Suppose -n - 63 = -s*k + 2*n, n = -4*k + 147. Calculate the highest common factor of k and 4.
4
Suppose 2*x - 147 = -0*x - 5*a, -4*x + 339 = -5*a. Calculate the greatest common divisor of x and 54.
27
Suppose 0 = -0*j - j + 3. Suppose n = j*g